digit of o?
8
Suppose -2*x - 68 = 2*x. Let f(k) = k**2 + 17*k + 7. Let i be f(x). Suppose -d + 32 = i. What is the units digit of d?
5
What is the tens digit of 1441/((-3)/(-12)*4)?
4
Suppose -5*k + 5*a = -0*k - 2665, -2*k + a + 1061 = 0. What is the units digit of k?
8
Let x = -579 - -990. What is the units digit of x?
1
Let t = -523 - -678. What is the hundreds digit of t?
1
Suppose 0 = h + 12 - 24. Suppose 16*n = h*n + 400. What is the units digit of n?
0
Let y = -25 + 35. What is the units digit of (-36)/y*(93/(-6) - 2)?
3
Let z(p) be the second derivative of 2*p**4/3 - 2*p**3/3 + 2*p**2 - 2*p. What is the units digit of z(4)?
6
Let h(i) = i**3 + 30*i**2 - 25*i - 111. What is the tens digit of h(-23)?
6
Let b be 3/4 - 63/36. Let m be (0 - b) + (54 - -2). Let f = m - 40. What is the tens digit of f?
1
Suppose 0 = -w - 2*w. Suppose -79 = -6*o - 19. Suppose -o = -5*t - w*t. What is the units digit of t?
2
Suppose -w + 526 = -3. What is the tens digit of w?
2
Let d = 1614 - -3342. What is the units digit of ((-2)/5)/(d/1240 + -4)?
4
Let i(a) = -476*a - 383. What is the units digit of i(-5)?
7
Let i(v) = v + 1. Let q be i(2). Suppose s - 85 = -5*a, 0*s = s - q*a - 61. Suppose -5*g + s = 5*p, 2*g - 1 = -p + 15. What is the units digit of p?
2
What is the units digit of 2 - -702 - (-18)/(-18)?
3
Let l be 2 - -17*(0 - -1). Suppose s - 4*s - 7 = -4*p, -4*p = s - l. What is the tens digit of 23 - 1/(1/p)?
1
Let w = 2186 - 550. What is the hundreds digit of w?
6
Suppose 0*i - 210 = -i - u, -3*i + 620 = u. Suppose 5*f = 3*h + 702, -338 - 230 = -4*f - 4*h. Let v = i - f. What is the tens digit of v?
6
Let j(z) = -7*z + 10. Let b(u) = 13*u - 20. Let v(a) = -6*b(a) - 11*j(a). Let n be v(7). What is the tens digit of (n + -1)*-1 - -34?
3
Suppose 7283 = 6*r - 12337. What is the tens digit of r?
7
Suppose 0 = 4*t - 0*t - 144. What is the tens digit of t?
3
Suppose 4*q + 38 = -u - 216, -5*q = 2*u + 319. Let m be 1 + q + (1 - 0). What is the tens digit of (3 + m)*(-1)/2?
2
What is the hundreds digit of (-10)/(-35) + (-20778)/(-42)?
4
Let h(i) = -i**2 + 10*i - 4. Let l(a) = a + 17. Let g be l(-9). Suppose 5*p - g = 12. What is the tens digit of h(p)?
2
Let w(b) = -b**2 + b. Let p be w(3). Let r(x) be the second derivative of x**4/12 + 2*x**3/3 - x**2 - 41*x. What is the units digit of r(p)?
0
Suppose 3*w - 240 = -5*w. Suppose 0 = 3*g - 2*u - 2*u - 28, 2*g + 3*u - w = 0. What is the units digit of g?
2
Let h(p) = -6*p**3 + 3*p**2 - 7. Let k be h(3). What is the tens digit of (k + 0)*(-4 - (-35)/10)?
7
What is the hundreds digit of (-2 - (2 + -2)) + 257?
2
Let l be 1/(-2)*(-4)/(-2). Let x(m) = m**3 - 2*m**2 + 3*m - 6. Let u be x(3). What is the units digit of l*3*(-20)/u?
5
Suppose -o - 26 = -2*o - 5*p, -4*o = -2*p + 6. Let r = 1 - o. Suppose -2*i + r*i - 5*w = -54, 3*w + 54 = 2*i. What is the units digit of i?
7
Let b = -17 - -16. What is the units digit of 1*-24*(-3 - b)?
8
Let t(b) = -b**3 + 2*b**2 - b + 2. Let j be t(2). Suppose 0*v + 2*v = 52. Suppose -v = -3*m - 5*q, m + 4*q + 0 - 4 = j. What is the units digit of m?
2
Suppose 3*y = 3 + 81. Let j be -2*y/(-8) - 0. Suppose -2*a = -25 - j. What is the tens digit of a?
1
Suppose -o = -4*a + 20, 3*o + 2*a + 124 = -2*a. What is the units digit of -3 + 66/1*o/(-24)?
6
Let s(f) = f**3 + 12*f**2 + 3*f - 10. Let z(t) = -t - 1. Let k(y) = s(y) - 6*z(y). What is the hundreds digit of k(-9)?
1
Suppose 23*f - 34*f = -6358. What is the hundreds digit of f?
5
Let c(z) = 4*z + 5. Let r(n) = n + 1. Let w(s) = -c(s) + 5*r(s). Let a be w(1). Suppose 3*j = x - 29, a = x + 4*j - 0. What is the tens digit of x?
1
Let p(l) = 2*l**3 + 34*l**2 - 19*l - 10. What is the tens digit of p(-17)?
1
Let y be 3/6 + (-972)/(-8). Let k(s) = -6*s + 1. Let n be k(-1). Suppose n*c = 9*c - y. What is the tens digit of c?
6
Suppose -9*k + 10*k - 5 = 0. Suppose 149 = k*c + 54. What is the tens digit of c?
1
What is the hundreds digit of ((-2 - (1 + 3)) + -4)*-88?
8
Let r be (-4 - -4)/(2 + -1). Suppose r = 2*i - i + 2. What is the tens digit of 2/i + 184/8?
2
Suppose 0 = 4*o - 4, -2*o + 6 = 5*v - 1. Let k(i) = 8*i + 2 - 4 + v. What is the units digit of k(3)?
3
Suppose -2*f + 8 = -3*q, q - 6 = 3*q - 2*f. Let g be -2 + (-3 - (q + 1)). What is the units digit of g*3/(-6) + 8?
0
Let i(f) be the second derivative of f**5/60 - f**4/4 + f**3/3 - 4*f. Let j(u) be the second derivative of i(u). What is the units digit of j(5)?
4
Let z = 689 - 307. What is the hundreds digit of z?
3
Suppose 5*b + 3 = -2. Suppose 0 = 6*f - 4*f - 44. Let d = f - b. What is the tens digit of d?
2
Suppose -4*v = 16, -2*c + v = 2*v - 2. Suppose r - 4*i = -c*i + 72, -4*r + 3*i = -285. What is the units digit of r?
9
Let y be (-2*(-36)/(-10))/(7/35). Let s = y - -68. What is the units digit of s?
2
Suppose 14*i + 8 + 6 = 0. What is the units digit of (-401)/(-4) - i/(-4)?
0
What is the tens digit of (16/(-4) - -340)*(-1)/(-1)?
3
Let m(i) = -3*i + 14. Let k be m(10). Let v = -11 - k. What is the units digit of v?
5
Let h(i) = -5*i - 39. Let x be h(-8). What is the tens digit of (12/4 + 384)*x/3?
2
Suppose 2*f + b = f + 7, 2*f - 3*b - 24 = 0. Let k = -33 + f. What is the tens digit of (-652)/k - 1/6?
2
Let n be (32/28)/(2/7). What is the units digit of (-150)/n*(-16)/20?
0
Suppose -868 = -4*g + 480. What is the units digit of g?
7
Suppose -8*m = -2*m. What is the tens digit of m - (-3)/((-3)/(-28))?
2
Suppose i = 4*l - 63, -4*i + 4*l - 37 = 239. Let m = -7 - i. What is the units digit of m?
4
Suppose 5*y = -11 + 71. Suppose -5*o + 59 = u, o + 2*o = -y. What is the units digit of u?
9
Suppose -3*c + 4*a + 444 = 0, 5*a + 319 + 122 = 3*c. Suppose -3*x + 3*m + 160 + c = 0, 0 = 4*x - 3*m - 420. What is the units digit of x?
8
Let y(k) be the first derivative of -3 + 9/2*k**2 + 3*k - 1/3*k**3. What is the units digit of y(7)?
7
Let w(q) = q**3 + 15*q**2 + 16*q - 8. Let o be w(-13). Suppose -r - r = -o. What is the tens digit of r?
6
What is the tens digit of ((-2)/(-4))/(20/102360)?
5
Let i(l) = -20*l - 1. Let m be i(4). Let c = -32 - m. What is the tens digit of c?
4
Suppose -5*b = -0*g + 2*g, 3*b = -g + 1. Let h = -2 - g. What is the units digit of h?
3
Suppose 8*w - 6*w + 324 = 0. Let q = 306 + w. What is the tens digit of q?
4
Suppose 22*i = 17*i - 15. Suppose 52 = 3*j - j. Let f = j + i. What is the units digit of f?
3
What is the units digit of 36/4*128*(-40)/(-12)?
0
Let d = 10 + -2. Let t(s) be the first derivative of -s**3/3 + 5*s**2 + 4*s - 9. What is the tens digit of t(d)?
2
What is the tens digit of 694 + 8 + -12 + 4?
9
What is the hundreds digit of (2/(-6)*3)/((-2)/658)?
3
Let d be (2/3)/(3/81). Let n = d + 16. Suppose 3*a = 3*r - 78, -r + 0*a + n = -3*a. What is the units digit of r?
2
Let i = 6680 + -4072. What is the hundreds digit of i?
6
Let s(p) = -p - 5. Let v be s(-3). What is the tens digit of ((-402)/(-4) - -3)/((-1)/v)?
0
Let g(c) = -10*c - 4. Let d be g(-1). Suppose d*v + 36 - 336 = 0. What is the tens digit of v?
5
Let b = -570 - -1214. What is the tens digit of b?
4
Let w(q) = 33*q - 437. What is the units digit of w(36)?
1
Suppose -o - o - 2*v = -216, 3*v - 530 = -5*o. What is the tens digit of o?
0
Let m(w) be the first derivative of 13*w**2/2 - w - 8. Let q be m(-6). Let f = q + 116. What is the units digit of f?
7
Let n be 4/(-2) - 0 - 32. Let l = n - -49. Let v = l + 5. What is the tens digit of v?
2
Let v be (4*18/40)/(3/75). What is the units digit of (v/10)/((-6)/(-112))?
4
What is the hundreds digit of (96/(-20))/((-2295)/(-575) - 4)?
5
Suppose -a - 80 = 4*h, -h = 3*a - 2*a + 17. Suppose -30 = m + 4*m. Let j = m - h. What is the tens digit of j?
1
Suppose 0 = -19*y + 1852 + 14393. Suppose 32 - 614 = -2*w + 2*c, -3*c = 3*w - y. What is the tens digit of w?
8
Let w(s) = s**3 + 23*s**2 - s + 1555. What is the hundreds digit of w(0)?
5
Suppose 0 = 2*r - 3*r - 4*a + 27, -r = -5*a + 18. Let x be r/(-3 - -2 - 0). Let w = x - -12. What is the units digit of w?
5
Let m = -414 + 576. What is the hundreds digit of m?
1
Let m(x) = 7*x**2 + 40*x + 52. What is the hundreds digit of m(-28)?
4
Suppose 0 = -5*f + 5*k - 25, -26 + 9 = 3*f - 5*k. What is the units digit of -3*(f + 44/(-12))?
3
Suppose m = -0*j - 3*j + 33, 4*j = 4*m - 132. Let q be -2 + 2 + -3 + -2. L